(-2) + 0 + -2.
2
Suppose -33*m + 6118 = -8897. What are the prime factors of m?
5, 7, 13
Suppose -15*h = -13*h - 290. What are the prime factors of h?
5, 29
Let v = -3148 + 4728. What are the prime factors of v?
2, 5, 79
Suppose 1859 - 595 = 2*w. List the prime factors of w.
2, 79
Let g be -3 - -1 - (-6 - -4). Let u be (-4)/2 + 6 + g. Suppose -u*m + 12*m = 96. List the prime factors of m.
2, 3
Let i = 16 - 14. Suppose 2*j = 6, 2*u + 0 = i*j - 6. Suppose -2*s + 6*s - 52 = u. List the prime factors of s.
13
Suppose -3*o + 2420 + 6653 = -4*x, x = -o + 3022. What are the prime factors of o?
3023
Let k = 7 - -3. Let b(p) = 2*p + 11 + 3 - 29*p**3 + 30*p**3 - k*p**2. List the prime factors of b(10).
2, 17
Let d = 6478 + -3271. List the prime factors of d.
3, 1069
Let h(c) = 20*c**2 - 6*c - 1. List the prime factors of h(4).
5, 59
Let o(r) = r**2 - 28*r + 51. Let j be o(30). Let z = 291 - j. What are the prime factors of z?
2, 3, 5
Let s = 531 - 518. List the prime factors of s.
13
Suppose 4*h - h + 78 = 0. Let a = -23 - h. Suppose 2*m = 3*m + z - 39, 112 = a*m + 2*z. List the prime factors of m.
2, 17
Suppose -3*m + 2 = -x, -8 = m - 4*m + 4*x. Suppose m = -0*y + 2*y - 8. Suppose -13 = -v + y*c, -3*v + 0*v - c + 13 = 0. What are the prime factors of v?
5
Let o(z) = 5*z - 13. Let p(v) = 1. Let y(g) = o(g) + 5*p(g). Suppose 4*r = -3*w + 55, -r - 10 = w - 5*w. List the prime factors of y(r).
2, 3, 7
Suppose p - 9 = 3. Suppose 2*u - 4*u + p = 0. Suppose u*i - 52 - 56 = 0. List the prime factors of i.
2, 3
Suppose -13*h - 1465 = -17741. List the prime factors of h.
2, 313
Let o be (-2)/11 - 10/((-880)/6968). What are the prime factors of 6 + -2 + (o - (-18)/3)?
89
Suppose 0 = 3*o + 5*v - 15, 3 = -o - 5*v + 8. Suppose -o*x = -4*c + 327 - 70, -5*c + x = -337. List the prime factors of c.
2, 17
Suppose 2*c + 5*c - 14189 = 0. List the prime factors of c.
2027
Suppose -2*i + 5*u = -0*i + 35, -i = -5*u + 30. Let m(a) = -3*a**3 - 2*a**2 + 9*a - 11. List the prime factors of m(i).
269
Let b(j) = 6*j**2 + 191*j + 77. List the prime factors of b(-41).
2, 11, 53
Let m be -590*3*(-1)/3. Suppose 3*u - 3*p - 452 = -7*p, -4*u + p + m = 0. Suppose -2*d + 136 = 3*d - 2*g, 4*g = -5*d + u. What are the prime factors of d?
2, 7
Let b(q) = q**3 + 2*q**2 + 2*q - 2. Let c be b(-2). List the prime factors of (-2)/c*-4*-33.
2, 11
Let s be 245/(-77) - -6 - (-4)/22. Suppose 0 = s*f + c - 634, 4*f - 9*f - c + 1058 = 0. List the prime factors of f.
2, 53
Suppose -f + 29 + 30 = 0. Let a = f + -22. Let r = a + -24. List the prime factors of r.
13
Suppose 2*y - 3*y - 3 = 0, y + 5 = k. Suppose -5*s - 10 = 5*h, 4*h - 3*s = -k*s + 17. Suppose h = -g - 2*d + 1, -5*d - 8 = 2*g. What are the prime factors of g?
2, 3
List the prime factors of 740 - ((-8)/8 + 3).
2, 3, 41
List the prime factors of 5*(4*1 - (-30987)/165).
7, 137
Let q be (1/(-2) + 1)*-4. Let z be 6/(-8)*(-16)/q. List the prime factors of (-18)/z*50/6.
5
Let j(z) = -z**2 + 13*z + 29. Let n be j(-7). Let l = n + 233. What are the prime factors of l?
2, 61
Let w(y) = 2*y**2 + 21*y - 64. List the prime factors of w(21).
1259
Let y = 8 - 1. Suppose 3*u - 5*z + 4 = -y, 3*z = -u + 15. Suppose -5*w + 5*j + 30 = 0, u*j - 12 = -2*w - 2*j. What are the prime factors of w?
2, 3
Let t be (-544)/(-17) + -4 + 1. Let i = t + 33. What are the prime factors of i?
2, 31
Let l be (-8)/12*-6 + -3. Let q be 8 - (2 - l - -2). Suppose -n + 18 = q*n. List the prime factors of n.
3
Suppose 3517 = 8*w - 7347. What are the prime factors of w?
2, 7, 97
Let n(k) = -k**2 + 9*k - 5. Suppose -m - 2*y = -16, 2*y = m - 0*y. Let u be n(m). List the prime factors of u/(-6)*0 + 6.
2, 3
Suppose 0 = -3*l + 4*r - 2, -2*l - 1 = -3*r. Let c(d) = 35*d**2 + d - 5. List the prime factors of c(l).
7, 19
Suppose 5*j + 2 = 6*j. Let f(y) = 26*y**2 - 2*y. What are the prime factors of f(j)?
2, 5
Let y(u) = -5*u**3 - 3*u**2 - 2*u - 1. Let m be y(-2). Let c = -13 + m. Suppose -6*v = -7*v + c. What are the prime factors of v?
2, 3
Suppose 5*i = 4*i. Suppose -2*j - 6*n + n + 33 = i, -4*n = j - 24. Suppose 0 = 2*c - j*c + 50. List the prime factors of c.
5
Let p be 3 + (-1 - -202) + -2. Let k be p/2 - (-21)/7. Suppose 2*v = -2*v + k. List the prime factors of v.
2, 13
Suppose 4*h - 3*h = 524. Suppose 0 = -2*p + 2*o + 210, -5*p = -2*o - 2*o - h. What are the prime factors of p?
2, 13
Suppose -4 = 3*k - 1. Let w be (-45)/(-18) + k/2. List the prime factors of 11 + (1 - 8/w).
2
Suppose 0 = 12*d - 8*d - 60. Let c = 17 - d. Suppose -2*u = -5*f - 71 + 27, 0 = 4*u + c*f - 136. What are the prime factors of u?
2
Let l be 2449/7 + (-10)/(-70). Suppose 28*z - l = 21*z. What are the prime factors of z?
2, 5
Let y = -213 + 19. Let u = -101 - y. What are the prime factors of u?
3, 31
Let q = 374 - 119. What are the prime factors of q?
3, 5, 17
Let a(x) = -101*x - 8. Let s be a(-4). Suppose -s = -4*b - 0*b. List the prime factors of b.
3, 11
Let j(f) = 3*f - 19. Let t be j(6). List the prime factors of 0/(5 - t) + 1 + 116.
3, 13
Let a = -51 - -11. Let y = a - -60. What are the prime factors of y?
2, 5
Suppose 4*s = 4*o + 80, -3*o - s + 56 = -6*o. List the prime factors of (2 - o/(-3)) + 61.
3, 19
Let m be (-10)/(-45) + 156/27. Suppose 4*d - 44 = 3*o, -5*d - 2*o + 55 = -m*o. What are the prime factors of d?
11
Let w be 3/(2 - 11/4). Let v be 0 + -1 + -21 + (-172)/43. Let f = w - v. List the prime factors of f.
2, 11
Suppose 3*v = 499 + 281. What are the prime factors of v?
2, 5, 13
Suppose 2*y + 62 = 70. Suppose 5*l + 183 = -y*s + 633, s - 125 = 5*l. List the prime factors of s.
5, 23
Let o(j) = -3250*j**3 + 2*j**2 - 31*j - 32. What are the prime factors of o(-1)?
3251
Let i = 193 - -37. What are the prime factors of i?
2, 5, 23
Suppose -54 = -4*n + 4*g + g, -5*n + 72 = -4*g. Let z = -12 + n. What are the prime factors of z?
2
Suppose -5*n + 3 = -3*q - 7, 2*q = n - 16. Let u = 8 - 30. What are the prime factors of (-9 - q)/((-2)/u)?
11
Suppose 122*u = 133*u - 4114. What are the prime factors of u?
2, 11, 17
Let s(u) = u**2 + 5. Let y be s(0). Let x = y + -7. List the prime factors of (2/x)/(3/(-129)).
43
List the prime factors of (-14500)/(-30)*18/15.
2, 5, 29
Suppose 3*c = -52 + 19. Let r = c - -8. Let n = 29 - r. List the prime factors of n.
2
Suppose -3336 = -0*p - 12*p. Let n = p - 185. List the prime factors of n.
3, 31
What are the prime factors of (-2)/(28/(-5546)) + (-12)/(-14)?
397
Let i be (-3)/(36/272)*(-66)/4. Suppose -2*d - 2*z + i = 0, 2*d + 0*z = z + 386. What are the prime factors of d?
191
Suppose 5*b - 4*u - 36 = 1, 4*u = -12. Suppose -2*z = 6, -b*d + 10*d + 3*z = 651. What are the prime factors of d?
2, 3, 11
Let i be (-861)/6*36/(-21). What are the prime factors of i - ((-3)/1 + 2) - 1?
2, 3, 41
Let v(n) = 87*n + 13. Let c be v(5). Suppose 5*m + 9*m - c = 0. What are the prime factors of m?
2
Let y = 13 - 10. Suppose t + y*t - 3*z + 69 = 0, 3 = -3*z. Let v = t + 40. List the prime factors of v.
2, 11
Let o = 1526 + -621. List the prime factors of o.
5, 181
Suppose -169 = p - 2*p. List the prime factors of p.
13
Suppose 3 = 5*l + 38. Let j(a) = -2*a**3 - 10*a**2 - a - 6. What are the prime factors of j(l)?
197
Suppose 4 = 4*j - 4. What are the prime factors of (j - (-2 - -6)) + 117 + -3?
2, 7
Suppose y - 2*y + 143 = 0. Suppose x - 2*m = -0*x + 29, -73 = -3*x - m. Suppose y = 6*r - x. What are the prime factors of r?
2, 7
Let x = -14 + 14. Suppose 6*l - 23 - 1 = x. What are the prime factors of l?
2
Let f = 28 - 5. Let b = f - -113. What are the prime factors of b?
2, 17
Let n = -16 - -26. Let s be 25/n*(-8)/(-10). Suppose 0 = -s*g + k + 25, 35 = 3*g - g + k. What are the prime factors of g?
3, 5
Suppose 1149*k - 1153*k + 4228 = 0. List the prime factors of k.
7, 151
Let g(q) = q**3 - 21*q**2 + 3*q - 14. Suppose -5*o + 10*o - 117 = 3*x, 0 = 5*o + 3*x - 93. List the prime factors of g(o).
7
Suppose -12*x + 5*x = -2940. List the prime factors of x.
2, 3, 5, 7
Let l = -362 - -629. List the prime factors of l.
3, 89
Let c = -8 - -23. What are the prime factors of (178/3)/(10/c)?
89
Let j be -1*(5 + -4 - 4). Suppose 3*d + j*c - 213 = 0, -c + 0*c = -2*d + 136. What are the prime factors of d?
3, 23
Suppose -2*n = 5*n - 133. Suppose 5*w - 6 = n. Let a(q) = -q**2 + 10*q - 3. List the 